CRAN Package Check Results for Package pmultinom

Last updated on 2025-04-30 04:50:14 CEST.

Flavor Version Tinstall Tcheck Ttotal Status Flags
r-devel-linux-x86_64-debian-clang 1.0.0 1.94 56.93 58.87 NOTE
r-devel-linux-x86_64-debian-gcc 1.0.0 1.37 37.91 39.28 NOTE
r-devel-linux-x86_64-fedora-clang 1.0.0 94.45 OK
r-devel-linux-x86_64-fedora-gcc 1.0.0 103.15 OK
r-devel-windows-x86_64 1.0.0 3.00 88.00 91.00 OK
r-patched-linux-x86_64 1.0.0 1.85 54.62 56.47 OK
r-release-linux-x86_64 1.0.0 1.79 54.60 56.39 OK
r-release-macos-arm64 1.0.0 35.00 OK
r-release-macos-x86_64 1.0.0 69.00 OK
r-release-windows-x86_64 1.0.0 3.00 91.00 94.00 OK
r-oldrel-macos-arm64 1.0.0 45.00 NOTE
r-oldrel-macos-x86_64 1.0.0 52.00 NOTE
r-oldrel-windows-x86_64 1.0.0 3.00 96.00 99.00 NOTE

Check Details

Version: 1.0.0
Check: CRAN incoming feasibility
Result: NOTE Maintainer: ‘Alexander Davis <ajdavis2@mdanderson.org>’ No Authors@R field in DESCRIPTION. Please add one, modifying Authors@R: person(given = "Alexander", family = "Davis", role = c("aut", "cre"), email = "ajdavis2@mdanderson.org") as necessary. Flavors: r-devel-linux-x86_64-debian-clang, r-devel-linux-x86_64-debian-gcc

Version: 1.0.0
Check: LazyData
Result: NOTE 'LazyData' is specified without a 'data' directory Flavors: r-oldrel-macos-arm64, r-oldrel-macos-x86_64, r-oldrel-windows-x86_64