Last updated on 2025-04-30 04:50:14 CEST.
Flavor | Version | Tinstall | Tcheck | Ttotal | Status | Flags |
---|---|---|---|---|---|---|
r-devel-linux-x86_64-debian-clang | 0.13 | 1.89 | 18.38 | 20.27 | NOTE | |
r-devel-linux-x86_64-debian-gcc | 0.13 | 1.48 | 15.35 | 16.83 | NOTE | |
r-devel-linux-x86_64-fedora-clang | 0.13 | 32.49 | OK | |||
r-devel-linux-x86_64-fedora-gcc | 0.13 | 30.25 | OK | |||
r-devel-windows-x86_64 | 0.13 | 3.00 | 42.00 | 45.00 | OK | |
r-patched-linux-x86_64 | 0.13 | 2.04 | 18.04 | 20.08 | OK | |
r-release-linux-x86_64 | 0.13 | 1.71 | 17.63 | 19.34 | OK | |
r-release-macos-arm64 | 0.13 | 14.00 | OK | |||
r-release-macos-x86_64 | 0.13 | 23.00 | OK | |||
r-release-windows-x86_64 | 0.13 | 3.00 | 44.00 | 47.00 | OK | |
r-oldrel-macos-arm64 | 0.13 | 15.00 | OK | |||
r-oldrel-macos-x86_64 | 0.13 | 20.00 | OK | |||
r-oldrel-windows-x86_64 | 0.13 | 3.00 | 40.00 | 43.00 | OK |
Version: 0.13
Check: CRAN incoming feasibility
Result: NOTE
Maintainer: ‘"Brewer, Ben (arb5mt)" <arb5mt@virginia.edu>’
No Authors@R field in DESCRIPTION.
Please add one, modifying
Authors@R: c(person(given = c("Nolan", "A."),
family = "Wages",
role = "aut"),
person(family = "\"Brewer",
role = "cre"),
person(family = "Ben\"",
role = "cre",
email = "arb5mt@virginia.edu",
comment = "arb5mt"))
as necessary.
Flavors: r-devel-linux-x86_64-debian-clang, r-devel-linux-x86_64-debian-gcc