CRAN Package Check Results for Package pointRes

Last updated on 2025-04-30 04:50:14 CEST.

Flavor Version Tinstall Tcheck Ttotal Status Flags
r-devel-linux-x86_64-debian-clang 2.0.2 14.91 133.94 148.85 NOTE
r-devel-linux-x86_64-debian-gcc 2.0.2 10.65 98.27 108.92 NOTE
r-devel-linux-x86_64-fedora-clang 2.0.2 220.06 OK
r-devel-linux-x86_64-fedora-gcc 2.0.2 219.88 OK
r-devel-windows-x86_64 2.0.2 15.00 129.00 144.00 OK
r-patched-linux-x86_64 2.0.2 14.48 126.40 140.88 OK
r-release-linux-x86_64 2.0.2 13.15 126.38 139.53 OK
r-release-macos-arm64 2.0.2 82.00 OK
r-release-macos-x86_64 2.0.2 123.00 OK
r-release-windows-x86_64 2.0.2 16.00 127.00 143.00 OK
r-oldrel-macos-arm64 2.0.2 60.00 OK
r-oldrel-macos-x86_64 2.0.2 88.00 OK
r-oldrel-windows-x86_64 2.0.2 22.00 156.00 178.00 OK

Check Details

Version: 2.0.2
Check: CRAN incoming feasibility
Result: NOTE Maintainer: ‘Marieke van der Maaten-Theunissen <marieke.theunissen@tu-dresden.de>’ No Authors@R field in DESCRIPTION. Please add one, modifying Authors@R: c(person(given = "Marieke", family = "van der Maaten-Theunissen", role = c("aut", "cph", "cre", "trl"), email = "marieke.theunissen@tu-dresden.de"), person(given = "Ernst", family = "van der Maaten", role = c("aut", "trl")), person(given = "Gottfried", family = "Jetsckhe", role = c("aut", "trl")), person(given = "Mario", family = "Trouillier", role = c("aut", "trl"))) as necessary. Flavors: r-devel-linux-x86_64-debian-clang, r-devel-linux-x86_64-debian-gcc