Last updated on 2025-04-30 04:50:14 CEST.
Flavor | Version | Tinstall | Tcheck | Ttotal | Status | Flags |
---|---|---|---|---|---|---|
r-devel-linux-x86_64-debian-clang | 1.1.1 | 12.35 | 28.89 | 41.24 | NOTE | |
r-devel-linux-x86_64-debian-gcc | 1.1.1 | 9.10 | 22.45 | 31.55 | NOTE | |
r-devel-linux-x86_64-fedora-clang | 1.1.1 | 76.23 | OK | |||
r-devel-linux-x86_64-fedora-gcc | 1.1.1 | 66.26 | OK | |||
r-devel-windows-x86_64 | 1.1.1 | 17.00 | 73.00 | 90.00 | OK | |
r-patched-linux-x86_64 | 1.1.1 | 12.90 | 27.90 | 40.80 | OK | |
r-release-linux-x86_64 | 1.1.1 | 12.28 | 27.80 | 40.08 | OK | |
r-release-macos-arm64 | 1.1.1 | 22.00 | OK | |||
r-release-macos-x86_64 | 1.1.1 | 36.00 | OK | |||
r-release-windows-x86_64 | 1.1.1 | 17.00 | 72.00 | 89.00 | OK | |
r-oldrel-macos-arm64 | 1.1.1 | 27.00 | OK | |||
r-oldrel-macos-x86_64 | 1.1.1 | 32.00 | OK | |||
r-oldrel-windows-x86_64 | 1.1.1 | 18.00 | 83.00 | 101.00 | OK |
Version: 1.1.1
Check: CRAN incoming feasibility
Result: NOTE
Maintainer: ‘David Kahle <david@kahle.io>’
Package CITATION file contains call(s) to old-style citEntry(). Please
use bibentry() instead.
Flavors: r-devel-linux-x86_64-debian-clang, r-devel-linux-x86_64-debian-gcc