CRAN Package Check Results for Package poisbinom

Last updated on 2025-04-30 04:50:14 CEST.

Flavor Version Tinstall Tcheck Ttotal Status Flags
r-devel-linux-x86_64-debian-clang 1.0.1 11.18 21.75 32.93 NOTE
r-devel-linux-x86_64-debian-gcc 1.0.1 8.80 17.61 26.41 NOTE
r-devel-linux-x86_64-fedora-clang 1.0.1 57.05 OK
r-devel-linux-x86_64-fedora-gcc 1.0.1 54.52 OK
r-devel-windows-x86_64 1.0.1 15.00 80.00 95.00 OK
r-patched-linux-x86_64 1.0.1 11.49 20.95 32.44 OK
r-release-linux-x86_64 1.0.1 11.52 21.06 32.58 OK
r-release-macos-arm64 1.0.1 20.00 OK
r-release-macos-x86_64 1.0.1 41.00 OK
r-release-windows-x86_64 1.0.1 15.00 72.00 87.00 OK
r-oldrel-macos-arm64 1.0.1 20.00 OK
r-oldrel-macos-x86_64 1.0.1 39.00 OK
r-oldrel-windows-x86_64 1.0.1 18.00 85.00 103.00 OK

Check Details

Version: 1.0.1
Check: CRAN incoming feasibility
Result: NOTE Maintainer: ‘Santiago Olivella <olivella@unc.edu>’ No Authors@R field in DESCRIPTION. Please add one, modifying Authors@R: c(person(given = "Santiago", family = "Olivella", role = c("aut", "cre"), email = "olivella@unc.edu"), person(given = "Yuki", family = "Shiraito", role = c("aut", "cre"))) as necessary. Flavors: r-devel-linux-x86_64-debian-clang, r-devel-linux-x86_64-debian-gcc