CRAN Package Check Results for Package poismf

Last updated on 2025-04-30 04:50:14 CEST.

Flavor Version Tinstall Tcheck Ttotal Status Flags
r-devel-linux-x86_64-debian-clang 0.4.0-4 8.10 51.76 59.86 NOTE
r-devel-linux-x86_64-debian-gcc 0.4.0-4 8.16 40.49 48.65 NOTE
r-devel-linux-x86_64-fedora-clang 0.4.0-4 94.37 OK
r-devel-linux-x86_64-fedora-gcc 0.4.0-4 93.62 OK
r-devel-windows-x86_64 0.4.0-4 15.00 83.00 98.00 OK
r-patched-linux-x86_64 0.4.0-4 10.05 49.99 60.04 OK
r-release-linux-x86_64 0.4.0-4 9.32 49.84 59.16 OK
r-release-macos-arm64 0.4.0-4 35.00 OK
r-release-macos-x86_64 0.4.0-4 57.00 OK
r-release-windows-x86_64 0.4.0-4 14.00 83.00 97.00 OK
r-oldrel-macos-arm64 0.4.0-4 32.00 OK
r-oldrel-macos-x86_64 0.4.0-4 47.00 OK
r-oldrel-windows-x86_64 0.4.0-4 17.00 84.00 101.00 OK

Check Details

Version: 0.4.0-4
Check: CRAN incoming feasibility
Result: NOTE Maintainer: ‘David Cortes <david.cortes.rivera@gmail.com>’ The Description field contains bag-of-words-based topic modeling) (Cortes, (2018) <arXiv:1811.01908>), Please refer to arXiv e-prints via their arXiv DOI <doi:10.48550/arXiv.YYMM.NNNNN>. Flavors: r-devel-linux-x86_64-debian-clang, r-devel-linux-x86_64-debian-gcc