Last updated on 2025-04-30 04:50:14 CEST.
Flavor | Version | Tinstall | Tcheck | Ttotal | Status | Flags |
---|---|---|---|---|---|---|
r-devel-linux-x86_64-debian-clang | 1.4 | 7.89 | 62.24 | 70.13 | NOTE | |
r-devel-linux-x86_64-debian-gcc | 1.4 | 5.13 | 41.92 | 47.05 | OK | |
r-devel-linux-x86_64-fedora-clang | 1.4 | 112.78 | OK | |||
r-devel-linux-x86_64-fedora-gcc | 1.4 | 106.22 | OK | |||
r-devel-windows-x86_64 | 1.4 | 7.00 | 79.00 | 86.00 | OK | |
r-patched-linux-x86_64 | 1.4 | 8.64 | 59.16 | 67.80 | OK | |
r-release-linux-x86_64 | 1.4 | 7.54 | 59.03 | 66.57 | OK | |
r-release-macos-arm64 | 1.4 | 31.00 | OK | |||
r-release-macos-x86_64 | 1.4 | 59.00 | OK | |||
r-release-windows-x86_64 | 1.4 | 8.00 | 83.00 | 91.00 | OK | |
r-oldrel-macos-arm64 | 1.4 | 28.00 | OK | |||
r-oldrel-macos-x86_64 | 1.4 | 48.00 | OK | |||
r-oldrel-windows-x86_64 | 1.4 | 8.00 | 76.00 | 84.00 | OK |
Version: 1.4
Check: examples
Result: NOTE
Examples with CPU (user + system) or elapsed time > 5s
user system elapsed
bjmodel 4.021 0.004 5.488
Flavor: r-devel-linux-x86_64-debian-clang