Last updated on 2025-04-30 04:50:14 CEST.
Flavor | Version | Tinstall | Tcheck | Ttotal | Status | Flags |
---|---|---|---|---|---|---|
r-devel-linux-x86_64-debian-clang | 0.9.4 | 9.26 | 116.64 | 125.90 | NOTE | |
r-devel-linux-x86_64-debian-gcc | 0.9.4 | 6.65 | 82.35 | 89.00 | OK | |
r-devel-linux-x86_64-fedora-clang | 0.9.4 | 193.44 | OK | |||
r-devel-linux-x86_64-fedora-gcc | 0.9.4 | 192.22 | OK | |||
r-devel-windows-x86_64 | 0.9.4 | 12.00 | 126.00 | 138.00 | OK | |
r-patched-linux-x86_64 | 0.9.4 | 11.16 | 106.35 | 117.51 | OK | |
r-release-linux-x86_64 | 0.9.4 | 9.92 | 106.38 | 116.30 | OK | |
r-release-macos-arm64 | 0.9.4 | 61.00 | OK | |||
r-release-macos-x86_64 | 0.9.4 | 123.00 | OK | |||
r-release-windows-x86_64 | 0.9.4 | 11.00 | 125.00 | 136.00 | OK | |
r-oldrel-macos-arm64 | 0.9.4 | 114.00 | OK | |||
r-oldrel-macos-x86_64 | 0.9.4 | 126.00 | OK | |||
r-oldrel-windows-x86_64 | 0.9.4 | 14.00 | 155.00 | 169.00 | OK |
Version: 0.9.4
Check: examples
Result: NOTE
Examples with CPU (user + system) or elapsed time > 5s
user system elapsed
featurePlot 3.933 0.203 5.613
Flavor: r-devel-linux-x86_64-debian-clang