Last updated on 2025-11-04 03:51:02 CET.
| Flavor | Version | Tinstall | Tcheck | Ttotal | Status | Flags | 
|---|---|---|---|---|---|---|
| r-devel-linux-x86_64-debian-clang | 0.1.0 | 2.04 | 22.85 | 24.89 | NOTE | |
| r-devel-linux-x86_64-debian-gcc | 0.1.0 | 1.67 | 18.48 | 20.15 | NOTE | |
| r-devel-linux-x86_64-fedora-clang | 0.1.0 | 34.66 | NOTE | |||
| r-devel-linux-x86_64-fedora-gcc | 0.1.0 | 32.74 | NOTE | |||
| r-devel-windows-x86_64 | 0.1.0 | 3.00 | 44.00 | 47.00 | NOTE | |
| r-patched-linux-x86_64 | 0.1.0 | 2.34 | 20.48 | 22.82 | NOTE | |
| r-release-linux-x86_64 | 0.1.0 | 1.91 | 20.38 | 22.29 | NOTE | |
| r-release-macos-arm64 | 0.1.0 | 1.00 | 14.00 | 15.00 | NOTE | |
| r-release-macos-x86_64 | 0.1.0 | 2.00 | 22.00 | 24.00 | NOTE | |
| r-release-windows-x86_64 | 0.1.0 | 4.00 | 42.00 | 46.00 | NOTE | |
| r-oldrel-macos-arm64 | 0.1.0 | 1.00 | 15.00 | 16.00 | OK | |
| r-oldrel-macos-x86_64 | 0.1.0 | 2.00 | 20.00 | 22.00 | OK | |
| r-oldrel-windows-x86_64 | 0.1.0 | 3.00 | 43.00 | 46.00 | OK | 
Version: 0.1.0
Check: DESCRIPTION meta-information
Result: NOTE
    Missing dependency on R >= 4.1.0 because package code uses the pipe
    |> or function shorthand \(...) syntax added in R 4.1.0.
    File(s) using such syntax:
      ‘hiperfrac.R’ ‘rice.R’
Flavors: r-devel-linux-x86_64-debian-clang, r-devel-linux-x86_64-debian-gcc, r-devel-linux-x86_64-fedora-clang, r-devel-linux-x86_64-fedora-gcc, r-devel-windows-x86_64, r-patched-linux-x86_64, r-release-linux-x86_64, r-release-macos-arm64, r-release-macos-x86_64, r-release-windows-x86_64