CRAN Package Check Results for Package pollen

Last updated on 2025-04-30 04:50:14 CEST.

Flavor Version Tinstall Tcheck Ttotal Status Flags
r-devel-linux-x86_64-debian-clang 0.82.0 5.52 54.49 60.01 NOTE
r-devel-linux-x86_64-debian-gcc 0.82.0 4.07 42.24 46.31 NOTE
r-devel-linux-x86_64-fedora-clang 0.82.0 94.35 OK
r-devel-linux-x86_64-fedora-gcc 0.82.0 102.54 OK
r-devel-windows-x86_64 0.82.0 7.00 73.00 80.00 OK
r-patched-linux-x86_64 0.82.0 5.23 51.30 56.53 OK
r-release-linux-x86_64 0.82.0 5.48 51.83 57.31 OK
r-release-macos-arm64 0.82.0 41.00 OK
r-release-macos-x86_64 0.82.0 63.00 OK
r-release-windows-x86_64 0.82.0 7.00 71.00 78.00 OK
r-oldrel-macos-arm64 0.82.0 35.00 OK
r-oldrel-macos-x86_64 0.82.0 54.00 OK
r-oldrel-windows-x86_64 0.82.0 7.00 81.00 88.00 OK

Check Details

Version: 0.82.0
Check: CRAN incoming feasibility
Result: NOTE Maintainer: ‘Jakub Nowosad <nowosad.jakub@gmail.com>’ Package CITATION file contains call(s) to old-style citEntry(). Please use bibentry() instead. Flavors: r-devel-linux-x86_64-debian-clang, r-devel-linux-x86_64-debian-gcc