CRAN Package Check Results for Package pollimetry

Last updated on 2025-04-30 04:50:14 CEST.

Flavor Version Tinstall Tcheck Ttotal Status Flags
r-devel-linux-x86_64-debian-clang 1.0.1 13.50 115.46 128.96 NOTE
r-devel-linux-x86_64-debian-gcc 1.0.1 9.13 81.07 90.20 NOTE
r-devel-linux-x86_64-fedora-clang 1.0.1 190.31 OK
r-devel-linux-x86_64-fedora-gcc 1.0.1 173.48 OK
r-devel-windows-x86_64 1.0.1 14.00 119.00 133.00 OK
r-patched-linux-x86_64 1.0.1 12.01 108.44 120.45 OK
r-release-linux-x86_64 1.0.1 12.26 107.78 120.04 OK
r-release-macos-arm64 1.0.1 52.00 OK
r-release-macos-x86_64 1.0.1 105.00 OK
r-release-windows-x86_64 1.0.1 14.00 112.00 126.00 OK
r-oldrel-macos-arm64 1.0.1 70.00 NOTE
r-oldrel-macos-x86_64 1.0.1 102.00 NOTE
r-oldrel-windows-x86_64 1.0.1 19.00 145.00 164.00 NOTE

Check Details

Version: 1.0.1
Check: CRAN incoming feasibility
Result: NOTE Maintainer: ‘Liam Kendall <liam.k.kendall@gmail.com>’ Package CITATION file contains call(s) to old-style personList() or as.personList(). Please use c() on person objects instead. Package CITATION file contains call(s) to old-style citEntry(). Please use bibentry() instead. Found the following (possibly) invalid file URI: URI: T.B.C. From: inst/CITATION Flavors: r-devel-linux-x86_64-debian-clang, r-devel-linux-x86_64-debian-gcc

Version: 1.0.1
Check: examples
Result: NOTE Examples with CPU (user + system) or elapsed time > 5s user system elapsed bodysize 6.761 0.345 9.912 Flavor: r-devel-linux-x86_64-debian-clang

Version: 1.0.1
Check: examples
Result: NOTE Examples with CPU (user + system) or elapsed time > 5s user system elapsed bodysize 4.941 0.268 7.805 Flavor: r-devel-linux-x86_64-debian-gcc

Version: 1.0.1
Check: package dependencies
Result: NOTE Package suggested but not available for checking: ‘pollimetrydata’ Flavors: r-oldrel-macos-arm64, r-oldrel-macos-x86_64, r-oldrel-windows-x86_64