CRAN Package Check Results for Package polmineR

Last updated on 2025-04-30 04:50:14 CEST.

Flavor Version Tinstall Tcheck Ttotal Status Flags
r-devel-linux-x86_64-debian-clang 0.8.9 23.50 258.28 281.78 NOTE
r-devel-linux-x86_64-debian-gcc 0.8.9 15.73 172.35 188.08 NOTE
r-devel-linux-x86_64-fedora-clang 0.8.9 460.09 NOTE
r-devel-linux-x86_64-fedora-gcc 0.8.9 399.40 NOTE
r-devel-windows-x86_64 0.8.9 25.00 260.00 285.00 NOTE
r-patched-linux-x86_64 0.8.9 24.23 226.32 250.55 NOTE
r-release-linux-x86_64 0.8.9 24.23 229.55 253.78 NOTE
r-release-macos-arm64 0.8.9 110.00 NOTE
r-release-macos-x86_64 0.8.9 214.00 NOTE
r-release-windows-x86_64 0.8.9 26.00 256.00 282.00 NOTE
r-oldrel-macos-arm64 0.8.9 98.00 NOTE
r-oldrel-macos-x86_64 0.8.9 171.00 NOTE
r-oldrel-windows-x86_64 0.8.9 32.00 317.00 349.00 OK

Check Details

Version: 0.8.9
Check: DESCRIPTION meta-information
Result: NOTE Missing dependency on R >= 4.1.0 because package code uses the pipe |> or function shorthand \(...) syntax added in R 4.1.0. File(s) using such syntax: ‘hits.R’ ‘size.R’ ‘utils.R’ Flavors: r-devel-linux-x86_64-debian-clang, r-devel-linux-x86_64-debian-gcc, r-devel-linux-x86_64-fedora-clang, r-devel-linux-x86_64-fedora-gcc, r-devel-windows-x86_64, r-patched-linux-x86_64, r-release-linux-x86_64, r-release-macos-arm64, r-release-macos-x86_64, r-release-windows-x86_64

Version: 0.8.9
Check: installed package size
Result: NOTE installed size is 5.2Mb sub-directories of 1Mb or more: R 2.1Mb extdata 1.9Mb Flavors: r-oldrel-macos-arm64, r-oldrel-macos-x86_64