Last updated on 2025-02-21 03:52:22 CET.
Flavor | Version | Tinstall | Tcheck | Ttotal | Status | Flags |
---|---|---|---|---|---|---|
r-devel-linux-x86_64-debian-clang | 0.1.1 | 27.48 | 108.39 | 135.87 | OK | |
r-devel-linux-x86_64-debian-gcc | 0.1.1 | 18.86 | 78.27 | 97.13 | OK | |
r-devel-linux-x86_64-fedora-clang | 0.1.1 | 222.69 | OK | |||
r-devel-linux-x86_64-fedora-gcc | 0.1.1 | 222.22 | OK | |||
r-devel-macos-arm64 | 0.1.1 | 69.00 | OK | |||
r-devel-macos-x86_64 | 0.1.1 | 106.00 | OK | |||
r-devel-windows-x86_64 | 0.1.1 | 31.00 | 128.00 | 159.00 | OK | |
r-patched-linux-x86_64 | 0.1.1 | 27.29 | 103.26 | 130.55 | OK | |
r-release-linux-x86_64 | 0.1.1 | 24.86 | 103.70 | 128.56 | OK | |
r-release-macos-arm64 | 0.1.1 | 59.00 | NOTE | |||
r-release-macos-x86_64 | 0.1.1 | 87.00 | NOTE | |||
r-release-windows-x86_64 | 0.1.1 | 30.00 | 141.00 | 171.00 | NOTE | |
r-oldrel-macos-arm64 | 0.1.1 | 52.00 | NOTE | |||
r-oldrel-macos-x86_64 | 0.1.1 | 124.00 | NOTE | |||
r-oldrel-windows-x86_64 | 0.1.1 | 39.00 | 153.00 | 192.00 | NOTE |
Version: 0.1.1
Check: installed package size
Result: NOTE
installed size is 6.3Mb
sub-directories of 1Mb or more:
data 2.6Mb
doc 1.8Mb
libs 1.4Mb
Flavors: r-release-macos-arm64, r-release-macos-x86_64, r-release-windows-x86_64, r-oldrel-macos-arm64, r-oldrel-macos-x86_64, r-oldrel-windows-x86_64