Last updated on 2025-04-30 04:50:14 CEST.
Flavor | Version | Tinstall | Tcheck | Ttotal | Status | Flags |
---|---|---|---|---|---|---|
r-devel-linux-x86_64-debian-clang | 1.7-7 | 20.54 | 100.34 | 120.88 | NOTE | |
r-devel-linux-x86_64-debian-gcc | 1.7-7 | 13.17 | 68.40 | 81.57 | OK | |
r-devel-linux-x86_64-fedora-clang | 1.7-7 | 196.55 | OK | |||
r-devel-linux-x86_64-fedora-gcc | 1.7-7 | 199.61 | OK | |||
r-devel-windows-x86_64 | 1.7-7 | 21.00 | 171.00 | 192.00 | OK | |
r-patched-linux-x86_64 | 1.7-7 | 22.61 | 96.15 | 118.76 | OK | |
r-release-linux-x86_64 | 1.7-7 | 20.35 | 94.22 | 114.57 | OK | |
r-release-macos-arm64 | 1.7-7 | 63.00 | OK | |||
r-release-macos-x86_64 | 1.7-7 | 132.00 | OK | |||
r-release-windows-x86_64 | 1.7-7 | 22.00 | 173.00 | 195.00 | OK | |
r-oldrel-macos-arm64 | 1.7-7 | 65.00 | OK | |||
r-oldrel-macos-x86_64 | 1.7-7 | 104.00 | OK | |||
r-oldrel-windows-x86_64 | 1.7-7 | 27.00 | 189.00 | 216.00 | OK |
Version: 1.7-7
Check: examples
Result: NOTE
Examples with CPU (user + system) or elapsed time > 5s
user system elapsed
plotSSAllo 5.577 0.091 6.754
Flavor: r-devel-linux-x86_64-debian-clang