Last updated on 2025-04-30 04:50:14 CEST.
Flavor | Version | Tinstall | Tcheck | Ttotal | Status | Flags |
---|---|---|---|---|---|---|
r-devel-linux-x86_64-debian-clang | 1.2.4 | 47.23 | 384.62 | 431.85 | NOTE | |
r-devel-linux-x86_64-debian-gcc | 1.2.4 | 38.07 | 226.24 | 264.31 | NOTE | |
r-devel-linux-x86_64-fedora-clang | 1.2.4 | 737.48 | OK | |||
r-devel-linux-x86_64-fedora-gcc | 1.2.4 | 719.55 | OK | |||
r-devel-windows-x86_64 | 1.2.4 | 58.00 | 388.00 | 446.00 | OK | |
r-patched-linux-x86_64 | 1.2.4 | 55.52 | 362.92 | 418.44 | OK | |
r-release-linux-x86_64 | 1.2.4 | 53.63 | 360.20 | 413.83 | OK | |
r-release-macos-arm64 | 1.2.4 | 220.00 | OK | |||
r-release-macos-x86_64 | 1.2.4 | 391.00 | OK | |||
r-release-windows-x86_64 | 1.2.4 | 62.00 | 393.00 | 455.00 | OK | |
r-oldrel-macos-arm64 | 1.2.4 | 175.00 | NOTE | |||
r-oldrel-macos-x86_64 | 1.2.4 | 612.00 | OK | |||
r-oldrel-windows-x86_64 | 1.2.4 | 65.00 | 512.00 | 577.00 | OK |
Version: 1.2.4
Check: examples
Result: NOTE
Examples with CPU (user + system) or elapsed time > 5s
user system elapsed
gridworld 11.806 0.174 15.590
Cliff_walking 6.463 0.082 7.780
plot_belief_space 4.756 0.181 6.516
solve_POMDP 1.876 0.474 7.433
Flavor: r-devel-linux-x86_64-debian-clang
Version: 1.2.4
Check: examples
Result: NOTE
Examples with CPU (user + system) or elapsed time > 5s
user system elapsed
gridworld 6.067 0.138 8.52
Flavor: r-devel-linux-x86_64-debian-gcc
Version: 1.2.4
Check: installed package size
Result: NOTE
installed size is 5.2Mb
sub-directories of 1Mb or more:
libs 3.6Mb
Flavor: r-oldrel-macos-arm64