Last updated on 2025-02-21 03:52:22 CET.
Flavor | Version | Tinstall | Tcheck | Ttotal | Status | Flags |
---|---|---|---|---|---|---|
r-devel-linux-x86_64-debian-clang | 1.0.0 | 8.48 | 184.61 | 193.09 | NOTE | |
r-devel-linux-x86_64-debian-gcc | 1.0.0 | 6.10 | 124.21 | 130.31 | NOTE | |
r-devel-linux-x86_64-fedora-clang | 1.0.0 | 331.89 | OK | |||
r-devel-linux-x86_64-fedora-gcc | 1.0.0 | 312.70 | OK | |||
r-devel-macos-arm64 | 1.0.0 | 93.00 | OK | |||
r-devel-macos-x86_64 | 1.0.0 | 196.00 | OK | |||
r-devel-windows-x86_64 | 1.0.0 | 13.00 | 199.00 | 212.00 | NOTE | |
r-patched-linux-x86_64 | 1.0.0 | 14.77 | 180.77 | 195.54 | OK | |
r-release-linux-x86_64 | 1.0.0 | 8.95 | 167.13 | 176.08 | OK | |
r-release-macos-arm64 | 1.0.0 | 83.00 | NOTE | |||
r-release-macos-x86_64 | 1.0.0 | 142.00 | NOTE | |||
r-release-windows-x86_64 | 1.0.0 | 12.00 | 198.00 | 210.00 | NOTE | |
r-oldrel-macos-arm64 | 1.0.0 | 92.00 | NOTE | |||
r-oldrel-macos-x86_64 | 1.0.0 | 233.00 | NOTE | |||
r-oldrel-windows-x86_64 | 1.0.0 | 17.00 | 239.00 | 256.00 | NOTE |
Version: 1.0.0
Check: Rd cross-references
Result: NOTE
Found the following Rd file(s) with Rd \link{} targets missing package
anchors:
forceLocus.Rd: forcePool
Please provide package anchors for all Rd \link{} targets not in the
package itself and the base packages.
Flavors: r-devel-linux-x86_64-debian-clang, r-devel-linux-x86_64-debian-gcc, r-devel-windows-x86_64
Version: 1.0.0
Check: installed package size
Result: NOTE
installed size is 7.0Mb
sub-directories of 1Mb or more:
data 2.7Mb
extdata 3.5Mb
Flavors: r-release-macos-arm64, r-release-macos-x86_64, r-release-windows-x86_64, r-oldrel-macos-arm64, r-oldrel-macos-x86_64, r-oldrel-windows-x86_64