Last updated on 2025-04-30 04:50:14 CEST.
Flavor | Version | Tinstall | Tcheck | Ttotal | Status | Flags |
---|---|---|---|---|---|---|
r-devel-linux-x86_64-debian-clang | 0.1 | 3.95 | 41.13 | 45.08 | NOTE | |
r-devel-linux-x86_64-debian-gcc | 0.1 | 3.22 | 28.78 | 32.00 | NOTE | |
r-devel-linux-x86_64-fedora-clang | 0.1 | 69.84 | OK | |||
r-devel-linux-x86_64-fedora-gcc | 0.1 | 66.94 | OK | |||
r-devel-windows-x86_64 | 0.1 | 5.00 | 62.00 | 67.00 | OK | |
r-patched-linux-x86_64 | 0.1 | 4.29 | 39.17 | 43.46 | OK | |
r-release-linux-x86_64 | 0.1 | 3.73 | 39.04 | 42.77 | OK | |
r-release-macos-arm64 | 0.1 | 27.00 | OK | |||
r-release-macos-x86_64 | 0.1 | 43.00 | OK | |||
r-release-windows-x86_64 | 0.1 | 6.00 | 63.00 | 69.00 | OK | |
r-oldrel-macos-arm64 | 0.1 | 23.00 | NOTE | |||
r-oldrel-macos-x86_64 | 0.1 | 33.00 | NOTE | |||
r-oldrel-windows-x86_64 | 0.1 | 6.00 | 72.00 | 78.00 | NOTE |
Version: 0.1
Check: CRAN incoming feasibility
Result: NOTE
Maintainer: ‘Nick Golding <nick.golding.research@gmail.com>’
No Authors@R field in DESCRIPTION.
Please add one, modifying
Authors@R: person(given = "Nick",
family = "Golding",
role = c("aut", "cre"),
email = "nick.golding.research@gmail.com")
as necessary.
Flavors: r-devel-linux-x86_64-debian-clang, r-devel-linux-x86_64-debian-gcc
Version: 0.1
Check: examples
Result: NOTE
Examples with CPU (user + system) or elapsed time > 5s
user system elapsed
simulation 6.52 0.062 9.526
Flavor: r-devel-linux-x86_64-debian-clang
Version: 0.1
Check: LazyData
Result: NOTE
'LazyData' is specified without a 'data' directory
Flavors: r-oldrel-macos-arm64, r-oldrel-macos-x86_64, r-oldrel-windows-x86_64