Last updated on 2025-04-30 04:50:14 CEST.
Flavor | Version | Tinstall | Tcheck | Ttotal | Status | Flags |
---|---|---|---|---|---|---|
r-devel-linux-x86_64-debian-clang | 2.8 | 3.86 | 46.55 | 50.41 | NOTE | |
r-devel-linux-x86_64-debian-gcc | 2.8 | 2.95 | 31.07 | 34.02 | NOTE | |
r-devel-linux-x86_64-fedora-clang | 2.8 | 77.24 | OK | |||
r-devel-linux-x86_64-fedora-gcc | 2.8 | 73.12 | OK | |||
r-devel-windows-x86_64 | 2.8 | 5.00 | 75.00 | 80.00 | OK | |
r-patched-linux-x86_64 | 2.8 | 4.94 | 44.13 | 49.07 | OK | |
r-release-linux-x86_64 | 2.8 | 3.56 | 43.56 | 47.12 | OK | |
r-release-macos-arm64 | 2.8 | 30.00 | OK | |||
r-release-macos-x86_64 | 2.8 | 49.00 | OK | |||
r-release-windows-x86_64 | 2.8 | 5.00 | 80.00 | 85.00 | OK | |
r-oldrel-macos-arm64 | 2.8 | 24.00 | OK | |||
r-oldrel-macos-x86_64 | 2.8 | 41.00 | OK | |||
r-oldrel-windows-x86_64 | 2.8 | 5.00 | 70.00 | 75.00 | OK |
Version: 2.8
Check: CRAN incoming feasibility
Result: NOTE
Maintainer: ‘Chris Stubben <chris.stubben@hci.utah.edu>’
No Authors@R field in DESCRIPTION.
Please add one, modifying
Authors@R: c(person(given = "Chris",
family = "Stubben",
role = c("aut", "cre"),
email = "chris.stubben@hci.utah.edu"),
person(given = "Brook",
family = "Milligan",
role = "aut"),
person(given = "Patrick",
family = "Nantel",
role = "aut"))
as necessary.
Flavors: r-devel-linux-x86_64-debian-clang, r-devel-linux-x86_64-debian-gcc
Version: 2.8
Check: examples
Result: NOTE
Examples with CPU (user + system) or elapsed time > 5s
user system elapsed
vitalsim 5.369 0.083 8.493
Flavor: r-devel-linux-x86_64-debian-clang