Last updated on 2025-04-30 04:50:14 CEST.
Flavor | Version | Tinstall | Tcheck | Ttotal | Status | Flags |
---|---|---|---|---|---|---|
r-devel-linux-x86_64-debian-clang | 1.3.23 | 3.90 | 44.80 | 48.70 | NOTE | |
r-devel-linux-x86_64-debian-gcc | 1.3.23 | 2.35 | 34.44 | 36.79 | NOTE | |
r-devel-linux-x86_64-fedora-clang | 1.3.23 | 70.65 | OK | |||
r-devel-linux-x86_64-fedora-gcc | 1.3.23 | 81.02 | OK | |||
r-devel-windows-x86_64 | 1.3.23 | 5.00 | 67.00 | 72.00 | OK | |
r-patched-linux-x86_64 | 1.3.23 | 4.28 | 41.05 | 45.33 | OK | |
r-release-linux-x86_64 | 1.3.23 | 2.94 | 41.19 | 44.13 | OK | |
r-release-macos-arm64 | 1.3.23 | 37.00 | OK | |||
r-release-macos-x86_64 | 1.3.23 | 54.00 | OK | |||
r-release-windows-x86_64 | 1.3.23 | 5.00 | 70.00 | 75.00 | OK | |
r-oldrel-macos-arm64 | 1.3.23 | 30.00 | OK | |||
r-oldrel-macos-x86_64 | 1.3.23 | 46.00 | OK | |||
r-oldrel-windows-x86_64 | 1.3.23 | 5.00 | 72.00 | 77.00 | OK |
Version: 1.3.23
Check: CRAN incoming feasibility
Result: NOTE
Maintainer: ‘Alejandro Ochoa <alejandro.ochoa@duke.edu>’
Package CITATION file contains call(s) to old-style personList() or
as.personList(). Please use c() on person objects instead.
Flavors: r-devel-linux-x86_64-debian-clang, r-devel-linux-x86_64-debian-gcc