Last updated on 2025-04-30 04:50:14 CEST.
Flavor | Version | Tinstall | Tcheck | Ttotal | Status | Flags |
---|---|---|---|---|---|---|
r-devel-linux-x86_64-debian-clang | 7.1.0 | 9.32 | 97.12 | 106.44 | NOTE | |
r-devel-linux-x86_64-debian-gcc | 7.1.0 | 6.82 | 54.81 | 61.63 | OK | |
r-devel-linux-x86_64-fedora-clang | 7.1.0 | 144.89 | OK | |||
r-devel-linux-x86_64-fedora-gcc | 7.1.0 | 125.51 | OK | |||
r-devel-windows-x86_64 | 7.1.0 | 14.00 | 103.00 | 117.00 | OK | |
r-patched-linux-x86_64 | 7.1.0 | 7.56 | 75.80 | 83.36 | OK | |
r-release-linux-x86_64 | 7.1.0 | 9.43 | 77.38 | 86.81 | OK | |
r-release-macos-arm64 | 7.1.0 | 41.00 | OK | |||
r-release-macos-x86_64 | 7.1.0 | 71.00 | OK | |||
r-release-windows-x86_64 | 7.1.0 | 14.00 | 98.00 | 112.00 | OK | |
r-oldrel-macos-arm64 | 7.1.0 | 45.00 | OK | |||
r-oldrel-macos-x86_64 | 7.1.0 | 76.00 | OK | |||
r-oldrel-windows-x86_64 | 7.1.0 | 16.00 | 122.00 | 138.00 | OK |
Version: 7.1.0
Check: examples
Result: NOTE
Examples with CPU (user + system) or elapsed time > 5s
user system elapsed
map.predict 4.744 0.027 6.992
Flavor: r-devel-linux-x86_64-debian-clang