CRAN Package Check Results for Package populR

Last updated on 2025-04-30 04:50:14 CEST.

Flavor Version Tinstall Tcheck Ttotal Status Flags
r-devel-linux-x86_64-debian-clang 0.2.1 7.73 126.25 133.98 NOTE
r-devel-linux-x86_64-debian-gcc 0.2.1 4.83 87.74 92.57 NOTE
r-devel-linux-x86_64-fedora-clang 0.2.1 210.20 OK
r-devel-linux-x86_64-fedora-gcc 0.2.1 213.96 OK
r-devel-windows-x86_64 0.2.1 9.00 148.00 157.00 OK
r-patched-linux-x86_64 0.2.1 6.10 118.83 124.93 OK
r-release-linux-x86_64 0.2.1 7.09 117.99 125.08 OK
r-release-macos-arm64 0.2.1 71.00 OK
r-release-macos-x86_64 0.2.1 130.00 OK
r-release-windows-x86_64 0.2.1 10.00 143.00 153.00 OK
r-oldrel-macos-arm64 0.2.1 60.00 OK
r-oldrel-macos-x86_64 0.2.1 95.00 OK
r-oldrel-windows-x86_64 0.2.1 9.00 181.00 190.00 OK

Check Details

Version: 0.2.1
Check: CRAN incoming feasibility
Result: NOTE Maintainer: ‘Marios Batsaris <m.batsaris@aegean.gr>’ No Authors@R field in DESCRIPTION. Please add one, modifying Authors@R: person(given = "Marios", family = "Batsaris", role = c("aut", "cre"), email = "m.batsaris@aegean.gr") as necessary. Flavors: r-devel-linux-x86_64-debian-clang, r-devel-linux-x86_64-debian-gcc