Last updated on 2025-04-30 04:50:14 CEST.
Flavor | Version | Tinstall | Tcheck | Ttotal | Status | Flags |
---|---|---|---|---|---|---|
r-devel-linux-x86_64-debian-clang | 0.3.3 | 48.79 | 69.57 | 118.36 | OK | |
r-devel-linux-x86_64-debian-gcc | 0.3.3 | 35.74 | 50.76 | 86.50 | OK | |
r-devel-linux-x86_64-fedora-clang | 0.3.3 | 213.95 | OK | |||
r-devel-linux-x86_64-fedora-gcc | 0.3.3 | 196.61 | OK | |||
r-devel-windows-x86_64 | 0.3.3 | 53.00 | 107.00 | 160.00 | OK | |
r-patched-linux-x86_64 | 0.3.3 | 50.87 | 66.59 | 117.46 | OK | |
r-release-linux-x86_64 | 0.3.3 | 43.99 | 68.00 | 111.99 | OK | |
r-release-macos-arm64 | 0.3.3 | 54.00 | OK | |||
r-release-macos-x86_64 | 0.3.3 | 110.00 | OK | |||
r-release-windows-x86_64 | 0.3.3 | 52.00 | 103.00 | 155.00 | OK | |
r-oldrel-macos-arm64 | 0.3.3 | 49.00 | NOTE | |||
r-oldrel-macos-x86_64 | 0.3.3 | 75.00 | NOTE | |||
r-oldrel-windows-x86_64 | 0.3.3 | 60.00 | 127.00 | 187.00 | OK |
Version: 0.3.3
Check: installed package size
Result: NOTE
installed size is 6.4Mb
sub-directories of 1Mb or more:
libs 6.1Mb
Flavors: r-oldrel-macos-arm64, r-oldrel-macos-x86_64