Last updated on 2025-04-30 04:50:14 CEST.
Flavor | Version | Tinstall | Tcheck | Ttotal | Status | Flags |
---|---|---|---|---|---|---|
r-devel-linux-x86_64-debian-clang | 1.2.8 | 6.91 | 836.78 | 843.69 | NOTE | |
r-devel-linux-x86_64-debian-gcc | 1.2.8 | 4.85 | 526.36 | 531.21 | NOTE | |
r-devel-linux-x86_64-fedora-clang | 1.2.8 | 1236.43 | OK | |||
r-devel-linux-x86_64-fedora-gcc | 1.2.8 | 758.10 | OK | |||
r-devel-windows-x86_64 | 1.2.8 | 10.00 | 527.00 | 537.00 | OK | |
r-patched-linux-x86_64 | 1.2.8 | 6.31 | 508.76 | 515.07 | OK | |
r-release-linux-x86_64 | 1.2.8 | 5.87 | 519.84 | 525.71 | OK | |
r-release-macos-arm64 | 1.2.8 | 200.00 | OK | |||
r-release-macos-x86_64 | 1.2.8 | 477.00 | OK | |||
r-release-windows-x86_64 | 1.2.8 | 9.00 | 509.00 | 518.00 | OK | |
r-oldrel-macos-arm64 | 1.2.8 | 217.00 | OK | |||
r-oldrel-macos-x86_64 | 1.2.8 | 557.00 | OK | |||
r-oldrel-windows-x86_64 | 1.2.8 | 10.00 | 565.00 | 575.00 | OK |
Version: 1.2.8
Check: examples
Result: NOTE
Examples with CPU (user + system) or elapsed time > 5s
user system elapsed
poso_dose_auc 10.143 0.745 7.720
poso_dose_conc 9.322 0.655 7.313
poso_inter_cmin 9.168 0.397 5.674
poso_time_cmin 8.108 0.281 5.133
poso_estim_sir 6.247 0.087 7.876
Flavor: r-devel-linux-x86_64-debian-clang
Version: 1.2.8
Check: examples
Result: NOTE
Examples with CPU (user + system) or elapsed time > 5s
user system elapsed
poso_dose_auc 6.342 0.393 5.772
poso_dose_conc 6.371 0.352 5.690
poso_inter_cmin 6.602 0.077 5.518
poso_time_cmin 5.615 0.020 4.301
Flavor: r-devel-linux-x86_64-debian-gcc