Last updated on 2025-04-30 04:50:14 CEST.
Flavor | Version | Tinstall | Tcheck | Ttotal | Status | Flags |
---|---|---|---|---|---|---|
r-devel-linux-x86_64-debian-clang | 1.0.0 | 2.98 | 190.62 | 193.60 | NOTE | |
r-devel-linux-x86_64-debian-gcc | 1.0.0 | 2.36 | 146.71 | 149.07 | OK | |
r-devel-linux-x86_64-fedora-clang | 1.0.0 | 288.86 | OK | |||
r-devel-linux-x86_64-fedora-gcc | 1.0.0 | 291.30 | OK | |||
r-devel-windows-x86_64 | 1.0.0 | 5.00 | 166.00 | 171.00 | OK | |
r-patched-linux-x86_64 | 1.0.0 | 3.91 | 171.38 | 175.29 | OK | |
r-release-linux-x86_64 | 1.0.0 | 3.06 | 168.52 | 171.58 | OK | |
r-release-macos-arm64 | 1.0.0 | 72.00 | OK | |||
r-release-macos-x86_64 | 1.0.0 | 165.00 | OK | |||
r-release-windows-x86_64 | 1.0.0 | 5.00 | 172.00 | 177.00 | OK | |
r-oldrel-macos-arm64 | 1.0.0 | 91.00 | OK | |||
r-oldrel-macos-x86_64 | 1.0.0 | 161.00 | OK | |||
r-oldrel-windows-x86_64 | 1.0.0 | 6.00 | 224.00 | 230.00 | OK |
Version: 1.0.0
Check: examples
Result: NOTE
Examples with CPU (user + system) or elapsed time > 5s
user system elapsed
fit_best_learner 4.058 0.188 5.497
Flavor: r-devel-linux-x86_64-debian-clang