CRAN Package Check Results for Package powdR

Last updated on 2025-04-30 04:50:14 CEST.

Flavor Version Tinstall Tcheck Ttotal Status Flags
r-devel-linux-x86_64-debian-clang 1.3.0 8.31 205.94 214.25 NOTE
r-devel-linux-x86_64-debian-gcc 1.3.0 6.28 142.96 149.24 NOTE
r-devel-linux-x86_64-fedora-clang 1.3.0 341.28 OK
r-devel-linux-x86_64-fedora-gcc 1.3.0 343.54 OK
r-devel-windows-x86_64 1.3.0 13.00 204.00 217.00 OK
r-patched-linux-x86_64 1.3.0 9.43 193.65 203.08 OK
r-release-linux-x86_64 1.3.0 6.99 192.59 199.58 OK
r-release-macos-arm64 1.3.0 100.00 OK
r-release-macos-x86_64 1.3.0 173.00 OK
r-release-windows-x86_64 1.3.0 13.00 194.00 207.00 OK
r-oldrel-macos-arm64 1.3.0 85.00 NOTE
r-oldrel-macos-x86_64 1.3.0 137.00 OK
r-oldrel-windows-x86_64 1.3.0 14.00 240.00 254.00 OK

Check Details

Version: 1.3.0
Check: CRAN incoming feasibility
Result: NOTE Maintainer: ‘Benjamin Butler <benjamin.butler@hutton.ac.uk>’ Package CITATION file contains call(s) to old-style personList() or as.personList(). Please use c() on person objects instead. Package CITATION file contains call(s) to old-style citEntry(). Please use bibentry() instead. Flavors: r-devel-linux-x86_64-debian-clang, r-devel-linux-x86_64-debian-gcc

Version: 1.3.0
Check: installed package size
Result: NOTE installed size is 5.0Mb sub-directories of 1Mb or more: data 1.1Mb doc 3.0Mb Flavor: r-oldrel-macos-arm64