Last updated on 2025-04-30 04:50:14 CEST.
Flavor | Version | Tinstall | Tcheck | Ttotal | Status | Flags |
---|---|---|---|---|---|---|
r-devel-linux-x86_64-debian-clang | 0.3.4 | 2.79 | 75.00 | 77.79 | NOTE | |
r-devel-linux-x86_64-debian-gcc | 0.3.4 | 2.11 | 56.63 | 58.74 | NOTE | |
r-devel-linux-x86_64-fedora-clang | 0.3.4 | 119.10 | OK | |||
r-devel-linux-x86_64-fedora-gcc | 0.3.4 | 117.93 | OK | |||
r-devel-windows-x86_64 | 0.3.4 | 8.00 | 88.00 | 96.00 | OK | |
r-patched-linux-x86_64 | 0.3.4 | 2.98 | 71.93 | 74.91 | OK | |
r-release-linux-x86_64 | 0.3.4 | 3.05 | 70.94 | 73.99 | OK | |
r-release-macos-arm64 | 0.3.4 | 43.00 | OK | |||
r-release-macos-x86_64 | 0.3.4 | 81.00 | OK | |||
r-release-windows-x86_64 | 0.3.4 | 8.00 | 86.00 | 94.00 | OK | |
r-oldrel-macos-arm64 | 0.3.4 | 38.00 | OK | |||
r-oldrel-macos-x86_64 | 0.3.4 | 61.00 | OK | |||
r-oldrel-windows-x86_64 | 0.3.4 | 10.00 | 106.00 | 116.00 | OK |
Version: 0.3.4
Check: CRAN incoming feasibility
Result: NOTE
Maintainer: ‘Weiliang Qiu <weiliang.qiu@gmail.com>’
The URL field contains the following bad parts:
and
The URL field should be a list of URLs separated by commas or
whitespace.
Flavors: r-devel-linux-x86_64-debian-clang, r-devel-linux-x86_64-debian-gcc