Last updated on 2025-07-05 04:50:22 CEST.
Flavor | Version | Tinstall | Tcheck | Ttotal | Status | Flags |
---|---|---|---|---|---|---|
r-devel-linux-x86_64-debian-clang | 1.1 | 29.27 | 161.08 | 190.35 | OK | |
r-devel-linux-x86_64-debian-gcc | 1.1 | 21.13 | 117.43 | 138.56 | OK | |
r-devel-linux-x86_64-fedora-clang | 1.1 | 312.58 | OK | |||
r-devel-linux-x86_64-fedora-gcc | 1.1 | 302.75 | OK | |||
r-devel-windows-x86_64 | 1.1 | 30.00 | 282.00 | 312.00 | OK | |
r-patched-linux-x86_64 | 1.1 | 28.54 | 153.55 | 182.09 | OK | |
r-release-linux-x86_64 | 1.1 | 30.30 | 154.32 | 184.62 | OK | |
r-release-macos-arm64 | 1.1 | 412.00 | OK | |||
r-release-macos-x86_64 | 1.1 | 713.00 | OK | |||
r-release-windows-x86_64 | 1.1 | 32.00 | 285.00 | 317.00 | OK | |
r-oldrel-macos-arm64 | 1.1 | 215.00 | OK | |||
r-oldrel-macos-x86_64 | 1.1 | 411.00 | NOTE | |||
r-oldrel-windows-x86_64 | 1.1 | 39.00 | 390.00 | 429.00 | OK |
Version: 1.1
Check: installed package size
Result: NOTE
installed size is 5.0Mb
sub-directories of 1Mb or more:
data 3.6Mb
doc 1.1Mb
Flavor: r-oldrel-macos-x86_64