CRAN Package Check Results for Package ppmHR

Last updated on 2025-04-30 04:50:15 CEST.

Flavor Version Tinstall Tcheck Ttotal Status Flags
r-devel-linux-x86_64-debian-clang 1.0 2.93 23.84 26.77 NOTE
r-devel-linux-x86_64-debian-gcc 1.0 1.90 18.64 20.54 NOTE
r-devel-linux-x86_64-fedora-clang 1.0 41.10 OK
r-devel-linux-x86_64-fedora-gcc 1.0 39.27 OK
r-devel-windows-x86_64 1.0 3.00 44.00 47.00 OK
r-patched-linux-x86_64 1.0 3.05 23.11 26.16 OK
r-release-linux-x86_64 1.0 2.31 23.07 25.38 OK
r-release-macos-arm64 1.0 17.00 OK
r-release-macos-x86_64 1.0 37.00 OK
r-release-windows-x86_64 1.0 4.00 48.00 52.00 OK
r-oldrel-macos-arm64 1.0 19.00 OK
r-oldrel-macos-x86_64 1.0 32.00 OK
r-oldrel-windows-x86_64 1.0 3.00 44.00 47.00 OK

Check Details

Version: 1.0
Check: CRAN incoming feasibility
Result: NOTE Maintainer: ‘Di Shu <shudi1991@gmail.com>’ No Authors@R field in DESCRIPTION. Please add one, modifying Authors@R: c(person(given = "Di", family = "Shu", role = c("aut", "cre"), email = "shudi1991@gmail.com"), person(given = "Sengwee", family = "Toh", role = "aut", email = "darren_toh@harvardpilgrim.org")) as necessary. Flavors: r-devel-linux-x86_64-debian-clang, r-devel-linux-x86_64-debian-gcc