CRAN Package Check Results for Package ppmf

Last updated on 2025-04-30 04:50:15 CEST.

Flavor Version Tinstall Tcheck Ttotal Status Flags
r-devel-linux-x86_64-debian-clang 0.1.3 5.02 39.20 44.22 NOTE
r-devel-linux-x86_64-debian-gcc 0.1.3 3.63 29.64 33.27 NOTE
r-devel-linux-x86_64-fedora-clang 0.1.3 68.40 OK
r-devel-linux-x86_64-fedora-gcc 0.1.3 63.66 OK
r-devel-windows-x86_64 0.1.3 8.00 63.00 71.00 OK
r-patched-linux-x86_64 0.1.3 5.16 36.97 42.13 OK
r-release-linux-x86_64 0.1.3 4.26 36.38 40.64 OK
r-release-macos-arm64 0.1.3 25.00 OK
r-release-macos-x86_64 0.1.3 39.00 OK
r-release-windows-x86_64 0.1.3 9.00 58.00 67.00 OK
r-oldrel-macos-arm64 0.1.3 25.00 OK
r-oldrel-macos-x86_64 0.1.3 33.00 OK
r-oldrel-windows-x86_64 0.1.3 10.00 67.00 77.00 OK

Check Details

Version: 0.1.3
Check: CRAN incoming feasibility
Result: NOTE Maintainer: ‘Christopher T. Kenny <christopherkenny@fas.harvard.edu>’ Package CITATION file contains call(s) to old-style personList() or as.personList(). Please use c() on person objects instead. Package CITATION file contains call(s) to old-style citEntry(). Please use bibentry() instead. Flavors: r-devel-linux-x86_64-debian-clang, r-devel-linux-x86_64-debian-gcc