CRAN Package Check Results for Package ppmlasso

Last updated on 2025-04-30 04:50:15 CEST.

Flavor Version Tinstall Tcheck Ttotal Status Flags
r-devel-linux-x86_64-debian-clang 1.4 12.77 126.28 139.05 NOTE
r-devel-linux-x86_64-debian-gcc 1.4 8.67 90.52 99.19 NOTE
r-devel-linux-x86_64-fedora-clang 1.4 205.73 OK
r-devel-linux-x86_64-fedora-gcc 1.4 197.18 OK
r-devel-windows-x86_64 1.4 12.00 134.00 146.00 NOTE
r-patched-linux-x86_64 1.4 11.31 113.99 125.30 NOTE
r-release-linux-x86_64 1.4 11.38 114.28 125.66 NOTE
r-release-macos-arm64 1.4 62.00 OK
r-release-macos-x86_64 1.4 128.00 OK
r-release-windows-x86_64 1.4 12.00 135.00 147.00 NOTE
r-oldrel-macos-arm64 1.4 57.00 OK
r-oldrel-macos-x86_64 1.4 87.00 OK
r-oldrel-windows-x86_64 1.4 17.00 159.00 176.00 OK

Check Details

Version: 1.4
Check: CRAN incoming feasibility
Result: NOTE Maintainer: ‘Ian Renner <Ian.Renner@newcastle.edu.au>’ No Authors@R field in DESCRIPTION. Please add one, modifying Authors@R: person(given = "Ian", family = "Renner", role = c("aut", "cre"), email = "ian.renner@newcastle.edu.au") as necessary. Flavors: r-devel-linux-x86_64-debian-clang, r-devel-linux-x86_64-debian-gcc

Version: 1.4
Check: Rd cross-references
Result: NOTE Found the following Rd file(s) with Rd \link{} targets missing package anchors: envelope-methods.Rd: envelope Please provide package anchors for all Rd \link{} targets not in the package itself and the base packages. Flavors: r-devel-linux-x86_64-debian-clang, r-devel-linux-x86_64-debian-gcc, r-devel-windows-x86_64, r-patched-linux-x86_64, r-release-linux-x86_64, r-release-windows-x86_64

Version: 1.4
Check: examples
Result: NOTE Examples with CPU (user + system) or elapsed time > 5s user system elapsed ppmlasso-package 6.689 0.242 6.106 ppmlasso 5.516 0.212 4.501 Flavor: r-devel-linux-x86_64-debian-clang

Version: 1.4
Check: examples
Result: NOTE Examples with CPU (user + system) or elapsed time > 5s user system elapsed ppmlasso-package 4.894 0.046 5.288 Flavor: r-devel-linux-x86_64-debian-gcc