CRAN Package Check Results for Package pqrBayes

Last updated on 2025-04-30 04:50:15 CEST.

Flavor Version Tinstall Tcheck Ttotal Status Flags
r-devel-linux-x86_64-debian-clang 1.1.2 113.63 38.04 151.67 OK
r-devel-linux-x86_64-debian-gcc 1.1.2 80.27 27.85 108.12 OK
r-devel-linux-x86_64-fedora-clang 1.1.2 292.48 OK
r-devel-linux-x86_64-fedora-gcc 1.1.2 274.42 OK
r-devel-windows-x86_64 1.1.2 122.00 86.00 208.00 OK
r-patched-linux-x86_64 1.1.2 108.40 35.45 143.85 OK
r-release-linux-x86_64 1.1.2 113.19 35.52 148.71 OK
r-release-macos-arm64 1.1.2 57.00 OK
r-release-macos-x86_64 1.1.2 74.00 OK
r-release-windows-x86_64 1.1.2 122.00 89.00 211.00 OK
r-oldrel-macos-arm64 1.1.2 58.00 NOTE
r-oldrel-macos-x86_64 1.1.2 76.00 NOTE
r-oldrel-windows-x86_64 1.1.2 137.00 97.00 234.00 OK

Check Details

Version: 1.1.2
Check: installed package size
Result: NOTE installed size is 6.0Mb sub-directories of 1Mb or more: libs 5.8Mb Flavors: r-oldrel-macos-arm64, r-oldrel-macos-x86_64