Last updated on 2025-04-30 04:50:15 CEST.
Flavor | Version | Tinstall | Tcheck | Ttotal | Status | Flags |
---|---|---|---|---|---|---|
r-devel-linux-x86_64-debian-clang | 1.1 | 19.21 | 30.33 | 49.54 | NOTE | |
r-devel-linux-x86_64-debian-gcc | 1.1 | 14.84 | 23.28 | 38.12 | NOTE | |
r-devel-linux-x86_64-fedora-clang | 1.1 | 90.12 | NOTE | |||
r-devel-linux-x86_64-fedora-gcc | 1.1 | 88.25 | NOTE | |||
r-devel-windows-x86_64 | 1.1 | 26.00 | 76.00 | 102.00 | NOTE | |
r-patched-linux-x86_64 | 1.1 | 22.46 | 29.08 | 51.54 | NOTE | |
r-release-linux-x86_64 | 1.1 | 21.04 | 28.91 | 49.95 | NOTE | |
r-release-macos-arm64 | 1.1 | 46.00 | NOTE | |||
r-release-macos-x86_64 | 1.1 | 44.00 | NOTE | |||
r-release-windows-x86_64 | 1.1 | 27.00 | 78.00 | 105.00 | NOTE | |
r-oldrel-macos-arm64 | 1.1 | 27.00 | NOTE | |||
r-oldrel-macos-x86_64 | 1.1 | 41.00 | NOTE | |||
r-oldrel-windows-x86_64 | 1.1 | 29.00 | 83.00 | 112.00 | NOTE |
Version: 1.1
Check: C++ specification
Result: NOTE
Specified C++11: please drop specification unless essential
Flavors: r-devel-linux-x86_64-debian-clang, r-devel-linux-x86_64-debian-gcc, r-devel-linux-x86_64-fedora-clang, r-devel-linux-x86_64-fedora-gcc, r-devel-windows-x86_64, r-patched-linux-x86_64, r-release-linux-x86_64, r-release-macos-arm64, r-release-macos-x86_64, r-release-windows-x86_64, r-oldrel-macos-arm64, r-oldrel-macos-x86_64, r-oldrel-windows-x86_64