CRAN Package Check Results for Package praatpicture

Last updated on 2025-04-30 04:50:15 CEST.

Flavor Version Tinstall Tcheck Ttotal Status Flags
r-devel-linux-x86_64-debian-clang 1.4.2 5.17 42.05 47.22 OK
r-devel-linux-x86_64-debian-gcc 1.4.2 3.32 30.29 33.61 OK
r-devel-linux-x86_64-fedora-clang 1.4.2 70.00 NOTE
r-devel-linux-x86_64-fedora-gcc 1.4.2 68.44 NOTE
r-devel-windows-x86_64 1.4.2 6.00 71.00 77.00 OK
r-patched-linux-x86_64 1.4.2 5.69 38.48 44.17 OK
r-release-linux-x86_64 1.4.2 4.77 38.27 43.04 OK
r-release-macos-arm64 1.4.2 26.00 OK
r-release-macos-x86_64 1.4.2 46.00 OK
r-release-windows-x86_64 1.4.2 7.00 68.00 75.00 OK
r-oldrel-macos-arm64 1.4.2 29.00 OK
r-oldrel-macos-x86_64 1.4.2 47.00 OK
r-oldrel-windows-x86_64 1.4.2 9.00 73.00 82.00 OK

Check Details

Version: 1.4.2
Check: dependencies in R code
Result: NOTE Namespaces in Imports field not imported from: ‘bslib’ ‘shinyjs’ All declared Imports should be used. Flavors: r-devel-linux-x86_64-fedora-clang, r-devel-linux-x86_64-fedora-gcc