Last updated on 2025-04-30 04:50:15 CEST.
Flavor | Version | Tinstall | Tcheck | Ttotal | Status | Flags |
---|---|---|---|---|---|---|
r-devel-linux-x86_64-debian-clang | 2.4.4 | 22.22 | 166.66 | 188.88 | NOTE | |
r-devel-linux-x86_64-debian-gcc | 2.4.4 | 13.87 | 110.45 | 124.32 | OK | |
r-devel-linux-x86_64-fedora-clang | 2.4.4 | 295.69 | OK | |||
r-devel-linux-x86_64-fedora-gcc | 2.4.4 | 286.82 | OK | |||
r-devel-windows-x86_64 | 2.4.4 | 23.00 | 245.00 | 268.00 | OK | |
r-patched-linux-x86_64 | 2.4.4 | 23.76 | 156.87 | 180.63 | OK | |
r-release-linux-x86_64 | 2.4.4 | 19.62 | 154.76 | 174.38 | OK | |
r-release-macos-arm64 | 2.4.4 | 77.00 | OK | |||
r-release-macos-x86_64 | 2.4.4 | 153.00 | OK | |||
r-release-windows-x86_64 | 2.4.4 | 25.00 | 231.00 | 256.00 | OK | |
r-oldrel-macos-arm64 | 2.4.4 | 73.00 | OK | |||
r-oldrel-macos-x86_64 | 2.4.4 | 123.00 | OK | |||
r-oldrel-windows-x86_64 | 2.4.4 | 27.00 | 263.00 | 290.00 | OK |
Version: 2.4.4
Check: examples
Result: NOTE
Examples with CPU (user + system) or elapsed time > 5s
user system elapsed
entropy 3.962 0 5.012
Flavor: r-devel-linux-x86_64-debian-clang