CRAN Package Check Results for Package prenoms

Last updated on 2025-04-30 04:50:15 CEST.

Flavor Version Tinstall Tcheck Ttotal Status Flags
r-devel-linux-x86_64-debian-clang 0.0.1 8.54 39.44 47.98 OK
r-devel-linux-x86_64-debian-gcc 0.0.1 6.95 30.13 37.08 OK
r-devel-linux-x86_64-fedora-clang 0.0.1 68.97 OK
r-devel-linux-x86_64-fedora-gcc 0.0.1 66.23 OK
r-devel-windows-x86_64 0.0.1 10.00 65.00 75.00 OK
r-patched-linux-x86_64 0.0.1 7.60 36.41 44.01 OK
r-release-linux-x86_64 0.0.1 8.32 36.75 45.07 OK
r-release-macos-arm64 0.0.1 31.00 OK
r-release-macos-x86_64 0.0.1 49.00 OK
r-release-windows-x86_64 0.0.1 10.00 61.00 71.00 OK
r-oldrel-macos-arm64 0.0.1 29.00 OK
r-oldrel-macos-x86_64 0.0.1 42.00 NOTE
r-oldrel-windows-x86_64 0.0.1 11.00 69.00 80.00 OK

Check Details

Version: 0.0.1
Check: installed package size
Result: NOTE installed size is 5.0Mb sub-directories of 1Mb or more: data 4.9Mb Flavor: r-oldrel-macos-x86_64