CRAN Package Check Results for Package presens

Last updated on 2025-04-30 04:50:15 CEST.

Flavor Version Tinstall Tcheck Ttotal Status Flags
r-devel-linux-x86_64-debian-clang 2.1.0 3.48 30.94 34.42 NOTE
r-devel-linux-x86_64-debian-gcc 2.1.0 2.76 25.06 27.82 NOTE
r-devel-linux-x86_64-fedora-clang 2.1.0 55.19 OK
r-devel-linux-x86_64-fedora-gcc 2.1.0 53.16 OK
r-devel-windows-x86_64 2.1.0 4.00 53.00 57.00 OK
r-patched-linux-x86_64 2.1.0 3.70 30.21 33.91 OK
r-release-linux-x86_64 2.1.0 3.61 30.51 34.12 OK
r-release-macos-arm64 2.1.0 23.00 OK
r-release-macos-x86_64 2.1.0 35.00 OK
r-release-windows-x86_64 2.1.0 5.00 53.00 58.00 OK
r-oldrel-macos-arm64 2.1.0 23.00 OK
r-oldrel-macos-x86_64 2.1.0 32.00 OK
r-oldrel-windows-x86_64 2.1.0 6.00 53.00 59.00 OK

Check Details

Version: 2.1.0
Check: CRAN incoming feasibility
Result: NOTE Maintainer: ‘Matthew A. Birk <matthewabirk@gmail.com>’ No Authors@R field in DESCRIPTION. Please add one, modifying Authors@R: person(given = c("Matthew", "A."), family = "Birk", role = c("aut", "cre"), email = "matthewabirk@gmail.com") as necessary. Flavors: r-devel-linux-x86_64-debian-clang, r-devel-linux-x86_64-debian-gcc