Last updated on 2025-04-30 04:50:15 CEST.
Flavor | Version | Tinstall | Tcheck | Ttotal | Status | Flags |
---|---|---|---|---|---|---|
r-devel-linux-x86_64-debian-clang | 0.1.0 | 8.94 | 78.12 | 87.06 | NOTE | |
r-devel-linux-x86_64-debian-gcc | 0.1.0 | 5.75 | 57.43 | 63.18 | NOTE | |
r-devel-linux-x86_64-fedora-clang | 0.1.0 | 136.23 | OK | |||
r-devel-linux-x86_64-fedora-gcc | 0.1.0 | 130.55 | OK | |||
r-devel-windows-x86_64 | 0.1.0 | 9.00 | 92.00 | 101.00 | OK | |
r-patched-linux-x86_64 | 0.1.0 | 7.59 | 75.18 | 82.77 | OK | |
r-release-linux-x86_64 | 0.1.0 | 8.50 | 74.97 | 83.47 | OK | |
r-release-macos-arm64 | 0.1.0 | 44.00 | OK | |||
r-release-macos-x86_64 | 0.1.0 | 76.00 | OK | |||
r-release-windows-x86_64 | 0.1.0 | 11.00 | 92.00 | 103.00 | OK | |
r-oldrel-macos-arm64 | 0.1.0 | 47.00 | OK | |||
r-oldrel-macos-x86_64 | 0.1.0 | 128.00 | OK | |||
r-oldrel-windows-x86_64 | 0.1.0 | 11.00 | 106.00 | 117.00 | OK |
Version: 0.1.0
Check: examples
Result: NOTE
Examples with CPU (user + system) or elapsed time > 5s
user system elapsed
unsmoothTP 6.918 0.011 9.484
presmoothTP 5.285 0.022 7.093
Flavor: r-devel-linux-x86_64-debian-clang
Version: 0.1.0
Check: examples
Result: NOTE
Examples with CPU (user + system) or elapsed time > 5s
user system elapsed
unsmoothTP 5.435 0.012 7.357
Flavor: r-devel-linux-x86_64-debian-gcc