Last updated on 2025-04-30 04:50:15 CEST.
Flavor | Version | Tinstall | Tcheck | Ttotal | Status | Flags |
---|---|---|---|---|---|---|
r-devel-linux-x86_64-debian-clang | 0.2.5 | 43.81 | 404.17 | 447.98 | NOTE | |
r-devel-linux-x86_64-debian-gcc | 0.2.5 | 31.66 | 268.42 | 300.08 | NOTE | |
r-devel-linux-x86_64-fedora-clang | 0.2.5 | 711.11 | OK | |||
r-devel-linux-x86_64-fedora-gcc | 0.2.5 | 665.48 | OK | |||
r-devel-windows-x86_64 | 0.2.5 | 43.00 | 316.00 | 359.00 | OK | |
r-patched-linux-x86_64 | 0.2.5 | 45.23 | 383.23 | 428.46 | OK | |
r-release-linux-x86_64 | 0.2.5 | 39.54 | 386.35 | 425.89 | OK | |
r-release-macos-arm64 | 0.2.5 | 148.00 | OK | |||
r-release-macos-x86_64 | 0.2.5 | 465.00 | OK | |||
r-release-windows-x86_64 | 0.2.5 | 43.00 | 313.00 | 356.00 | OK | |
r-oldrel-macos-arm64 | 0.2.5 | 144.00 | NOTE | |||
r-oldrel-macos-x86_64 | 0.2.5 | 524.00 | NOTE | |||
r-oldrel-windows-x86_64 | 0.2.5 | 54.00 | 432.00 | 486.00 | NOTE |
Version: 0.2.5
Check: examples
Result: NOTE
Examples with CPU (user + system) or elapsed time > 5s
user system elapsed
arch_index 12.473 0.282 17.148
mask_analysis 6.766 0.027 8.113
create_mask_auto 4.628 0.092 6.080
load_pliance 4.301 0.027 5.882
cop 4.163 0.150 5.293
plot_pressure 3.756 0.009 5.316
Flavor: r-devel-linux-x86_64-debian-clang
Version: 0.2.5
Check: examples
Result: NOTE
Examples with CPU (user + system) or elapsed time > 5s
user system elapsed
arch_index 6.812 0.589 10.488
Flavor: r-devel-linux-x86_64-debian-gcc
Version: 0.2.5
Check: installed package size
Result: NOTE
installed size is 10.1Mb
sub-directories of 1Mb or more:
extdata 9.7Mb
Flavors: r-oldrel-macos-arm64, r-oldrel-macos-x86_64, r-oldrel-windows-x86_64