Last updated on 2025-04-30 04:50:15 CEST.
Flavor | Version | Tinstall | Tcheck | Ttotal | Status | Flags |
---|---|---|---|---|---|---|
r-devel-linux-x86_64-debian-clang | 0.2.2 | 2.72 | 36.11 | 38.83 | OK | |
r-devel-linux-x86_64-debian-gcc | 0.2.2 | 1.77 | 28.30 | 30.07 | OK | |
r-devel-linux-x86_64-fedora-clang | 0.2.2 | 56.40 | OK | |||
r-devel-linux-x86_64-fedora-gcc | 0.2.2 | 67.11 | OK | |||
r-devel-windows-x86_64 | 0.2.2 | 4.00 | 52.00 | 56.00 | OK | |
r-patched-linux-x86_64 | 0.2.2 | 2.66 | 34.16 | 36.82 | OK | |
r-release-linux-x86_64 | 0.2.2 | 2.68 | 34.29 | 36.97 | OK | |
r-release-macos-arm64 | 0.2.2 | 25.00 | OK | |||
r-release-macos-x86_64 | 0.2.2 | 49.00 | OK | |||
r-release-windows-x86_64 | 0.2.2 | 4.00 | 52.00 | 56.00 | OK | |
r-oldrel-macos-arm64 | 0.2.2 | 24.00 | NOTE | |||
r-oldrel-macos-x86_64 | 0.2.2 | 36.00 | NOTE | |||
r-oldrel-windows-x86_64 | 0.2.2 | 4.00 | 53.00 | 57.00 | NOTE |
Version: 0.2.2
Check: LazyData
Result: NOTE
'LazyData' is specified without a 'data' directory
Flavors: r-oldrel-macos-arm64, r-oldrel-macos-x86_64, r-oldrel-windows-x86_64