Last updated on 2025-04-30 04:50:15 CEST.
Flavor | Version | Tinstall | Tcheck | Ttotal | Status | Flags |
---|---|---|---|---|---|---|
r-devel-linux-x86_64-debian-clang | 0.2.5 | 2.56 | 21.36 | 23.92 | NOTE | |
r-devel-linux-x86_64-debian-gcc | 0.2.5 | 1.91 | 16.40 | 18.31 | NOTE | |
r-devel-linux-x86_64-fedora-clang | 0.2.5 | 37.03 | OK | |||
r-devel-linux-x86_64-fedora-gcc | 0.2.5 | 34.88 | OK | |||
r-devel-windows-x86_64 | 0.2.5 | 4.00 | 48.00 | 52.00 | OK | |
r-patched-linux-x86_64 | 0.2.5 | 2.80 | 20.42 | 23.22 | OK | |
r-release-linux-x86_64 | 0.2.5 | 2.61 | 20.28 | 22.89 | OK | |
r-release-macos-arm64 | 0.2.5 | 17.00 | OK | |||
r-release-macos-x86_64 | 0.2.5 | 27.00 | OK | |||
r-release-windows-x86_64 | 0.2.5 | 4.00 | 48.00 | 52.00 | OK | |
r-oldrel-macos-arm64 | 0.2.5 | 16.00 | OK | |||
r-oldrel-macos-x86_64 | 0.2.5 | 23.00 | OK | |||
r-oldrel-windows-x86_64 | 0.2.5 | 4.00 | 45.00 | 49.00 | OK |
Version: 0.2.5
Check: CRAN incoming feasibility
Result: NOTE
Maintainer: ‘Dewey Dunnington <dewey@fishandwhistle.net>’
No Authors@R field in DESCRIPTION.
Please add one, modifying
Authors@R: person(given = "Dewey",
family = "Dunnington",
role = c("aut", "cre"),
email = "dewey@fishandwhistle.net")
as necessary.
Flavors: r-devel-linux-x86_64-debian-clang, r-devel-linux-x86_64-debian-gcc