CRAN Package Check Results for Package prevederer

Last updated on 2025-04-30 04:50:15 CEST.

Flavor Version Tinstall Tcheck Ttotal Status Flags
r-devel-linux-x86_64-debian-clang 0.0.1 1.89 21.12 23.01 OK
r-devel-linux-x86_64-debian-gcc 0.0.1 1.52 17.49 19.01 OK
r-devel-linux-x86_64-fedora-clang 0.0.1 34.41 OK
r-devel-linux-x86_64-fedora-gcc 0.0.1 33.09 OK
r-devel-windows-x86_64 0.0.1 3.00 46.00 49.00 OK
r-patched-linux-x86_64 0.0.1 2.22 19.64 21.86 OK
r-release-linux-x86_64 0.0.1 1.87 19.58 21.45 OK
r-release-macos-arm64 0.0.1 20.00 OK
r-release-macos-x86_64 0.0.1 27.00 OK
r-release-windows-x86_64 0.0.1 4.00 47.00 51.00 OK
r-oldrel-macos-arm64 0.0.1 15.00 NOTE
r-oldrel-macos-x86_64 0.0.1 23.00 NOTE
r-oldrel-windows-x86_64 0.0.1 4.00 46.00 50.00 NOTE

Check Details

Version: 0.0.1
Check: LazyData
Result: NOTE 'LazyData' is specified without a 'data' directory Flavors: r-oldrel-macos-arm64, r-oldrel-macos-x86_64, r-oldrel-windows-x86_64