Last updated on 2025-04-30 04:50:15 CEST.
Flavor | Version | Tinstall | Tcheck | Ttotal | Status | Flags |
---|---|---|---|---|---|---|
r-devel-linux-x86_64-debian-clang | 0.11.0 | 4.98 | 181.93 | 186.91 | NOTE | |
r-devel-linux-x86_64-debian-gcc | 0.11.0 | 3.84 | 122.76 | 126.60 | NOTE | |
r-devel-linux-x86_64-fedora-clang | 0.11.0 | 293.92 | NOTE | |||
r-devel-linux-x86_64-fedora-gcc | 0.11.0 | 290.57 | NOTE | |||
r-devel-windows-x86_64 | 0.11.0 | 6.00 | 164.00 | 170.00 | NOTE | |
r-patched-linux-x86_64 | 0.11.0 | 5.18 | 173.04 | 178.22 | NOTE | |
r-release-linux-x86_64 | 0.11.0 | 5.21 | 172.97 | 178.18 | NOTE | |
r-release-macos-arm64 | 0.11.0 | 87.00 | NOTE | |||
r-release-macos-x86_64 | 0.11.0 | 167.00 | NOTE | |||
r-release-windows-x86_64 | 0.11.0 | 8.00 | 168.00 | 176.00 | NOTE | |
r-oldrel-macos-arm64 | 0.11.0 | 92.00 | OK | |||
r-oldrel-macos-x86_64 | 0.11.0 | 166.00 | OK | |||
r-oldrel-windows-x86_64 | 0.11.0 | 8.00 | 229.00 | 237.00 | OK |
Version: 0.11.0
Check: DESCRIPTION meta-information
Result: NOTE
Missing dependency on R >= 4.2.0 because package code uses the pipe
placeholder syntax added in R 4.2.0.
File(s) using such syntax:
‘estimate_risk.Rd’
Flavors: r-devel-linux-x86_64-debian-clang, r-devel-linux-x86_64-debian-gcc, r-devel-linux-x86_64-fedora-clang, r-devel-linux-x86_64-fedora-gcc, r-devel-windows-x86_64, r-patched-linux-x86_64, r-release-linux-x86_64, r-release-macos-arm64, r-release-macos-x86_64, r-release-windows-x86_64