Last updated on 2025-04-30 04:50:15 CEST.
Flavor | Version | Tinstall | Tcheck | Ttotal | Status | Flags |
---|---|---|---|---|---|---|
r-devel-linux-x86_64-debian-clang | 1.0.22 | 3.44 | 53.42 | 56.86 | NOTE | |
r-devel-linux-x86_64-debian-gcc | 1.0.22 | 2.54 | 40.41 | 42.95 | OK | |
r-devel-linux-x86_64-fedora-clang | 1.0.22 | 91.80 | OK | |||
r-devel-linux-x86_64-fedora-gcc | 1.0.22 | 101.87 | OK | |||
r-devel-windows-x86_64 | 1.0.22 | 4.00 | 87.00 | 91.00 | OK | |
r-patched-linux-x86_64 | 1.0.22 | 3.49 | 52.34 | 55.83 | OK | |
r-release-linux-x86_64 | 1.0.22 | 2.88 | 52.46 | 55.34 | OK | |
r-release-macos-arm64 | 1.0.22 | 66.00 | OK | |||
r-release-macos-x86_64 | 1.0.22 | 103.00 | OK | |||
r-release-windows-x86_64 | 1.0.22 | 5.00 | 83.00 | 88.00 | OK | |
r-oldrel-macos-arm64 | 1.0.22 | 52.00 | OK | |||
r-oldrel-macos-x86_64 | 1.0.22 | 124.00 | OK | |||
r-oldrel-windows-x86_64 | 1.0.22 | 5.00 | 81.00 | 86.00 | OK |
Version: 1.0.22
Check: examples
Result: NOTE
Examples with CPU (user + system) or elapsed time > 5s
user system elapsed
prim.S3methods 3.88 0.452 5.771
Flavor: r-devel-linux-x86_64-debian-clang