Last updated on 2025-04-30 04:50:15 CEST.
Flavor | Version | Tinstall | Tcheck | Ttotal | Status | Flags |
---|---|---|---|---|---|---|
r-devel-linux-x86_64-debian-clang | 0.2.0 | 1.92 | 35.99 | 37.91 | NOTE | |
r-devel-linux-x86_64-debian-gcc | 0.2.0 | 1.47 | 26.35 | 27.82 | NOTE | |
r-devel-linux-x86_64-fedora-clang | 0.2.0 | 59.82 | OK | |||
r-devel-linux-x86_64-fedora-gcc | 0.2.0 | 70.01 | OK | |||
r-devel-windows-x86_64 | 0.2.0 | 3.00 | 69.00 | 72.00 | OK | |
r-patched-linux-x86_64 | 0.2.0 | 2.06 | 34.30 | 36.36 | OK | |
r-release-linux-x86_64 | 0.2.0 | 1.92 | 35.43 | 37.35 | OK | |
r-release-macos-arm64 | 0.2.0 | 27.00 | OK | |||
r-release-macos-x86_64 | 0.2.0 | 61.00 | OK | |||
r-release-windows-x86_64 | 0.2.0 | 2.00 | 71.00 | 73.00 | OK | |
r-oldrel-macos-arm64 | 0.2.0 | 28.00 | OK | |||
r-oldrel-macos-x86_64 | 0.2.0 | 47.00 | OK | |||
r-oldrel-windows-x86_64 | 0.2.0 | 3.00 | 71.00 | 74.00 | OK |
Version: 0.2.0
Check: CRAN incoming feasibility
Result: NOTE
Maintainer: ‘David Schruth <data@anthropoidea.org>’
No Authors@R field in DESCRIPTION.
Please add one, modifying
Authors@R: c(person(given = "David",
family = "Schruth",
role = "cre",
email = "data@anthropoidea.org"),
person(given = "Marc",
family = "Myers",
role = "ctb"),
person(given = "Noel",
family = "Rowe",
role = "aut"))
as necessary.
Flavors: r-devel-linux-x86_64-debian-clang, r-devel-linux-x86_64-debian-gcc
Version: 0.2.0
Check: examples
Result: NOTE
Examples with CPU (user + system) or elapsed time > 5s
user system elapsed
regroup.equivalent 4.429 0.073 6.586
Flavor: r-devel-linux-x86_64-debian-clang