CRAN Package Check Results for Package prinsurf

Last updated on 2025-04-30 04:50:15 CEST.

Flavor Version Tinstall Tcheck Ttotal Status Flags
r-devel-linux-x86_64-debian-clang 1.0 1.47 43.97 45.44 NOTE
r-devel-linux-x86_64-debian-gcc 1.0 1.14 30.47 31.61 OK
r-devel-linux-x86_64-fedora-clang 1.0 72.26 OK
r-devel-linux-x86_64-fedora-gcc 1.0 81.58 OK
r-devel-windows-x86_64 1.0 3.00 64.00 67.00 OK
r-patched-linux-x86_64 1.0 1.97 41.31 43.28 OK
r-release-linux-x86_64 1.0 1.93 41.82 43.75 OK
r-release-macos-arm64 1.0 31.00 OK
r-release-macos-x86_64 1.0 53.00 OK
r-release-windows-x86_64 1.0 4.00 69.00 73.00 OK
r-oldrel-macos-arm64 1.0 33.00 OK
r-oldrel-macos-x86_64 1.0 55.00 OK
r-oldrel-windows-x86_64 1.0 4.00 75.00 79.00 OK

Check Details

Version: 1.0
Check: examples
Result: NOTE Examples with CPU (user + system) or elapsed time > 5s user system elapsed principal.surface 3.517 0.122 5.604 Flavor: r-devel-linux-x86_64-debian-clang