CRAN Package Check Results for Package prinvars

Last updated on 2025-04-30 04:50:15 CEST.

Flavor Version Tinstall Tcheck Ttotal Status Flags
r-devel-linux-x86_64-debian-clang 1.0.0 3.19 35.00 38.19 NOTE
r-devel-linux-x86_64-debian-gcc 1.0.0 2.51 26.14 28.65 OK
r-devel-linux-x86_64-fedora-clang 1.0.0 57.62 OK
r-devel-linux-x86_64-fedora-gcc 1.0.0 54.76 OK
r-devel-windows-x86_64 1.0.0 5.00 55.00 60.00 OK
r-patched-linux-x86_64 1.0.0 3.19 31.96 35.15 OK
r-release-linux-x86_64 1.0.0 2.97 32.43 35.40 OK
r-release-macos-arm64 1.0.0 23.00 OK
r-release-macos-x86_64 1.0.0 62.00 OK
r-release-windows-x86_64 1.0.0 6.00 54.00 60.00 OK
r-oldrel-macos-arm64 1.0.0 22.00 OK
r-oldrel-macos-x86_64 1.0.0 37.00 OK
r-oldrel-windows-x86_64 1.0.0 5.00 62.00 67.00 OK

Check Details

Version: 1.0.0
Check: examples
Result: NOTE Examples with CPU (user + system) or elapsed time > 5s user system elapsed spla 4.291 0.298 5.936 Flavor: r-devel-linux-x86_64-debian-clang