Last updated on 2025-04-30 04:50:15 CEST.
Flavor | Version | Tinstall | Tcheck | Ttotal | Status | Flags |
---|---|---|---|---|---|---|
r-devel-linux-x86_64-debian-clang | 1.0.1 | 19.79 | 187.63 | 207.42 | OK | |
r-devel-linux-x86_64-debian-gcc | 1.0.1 | 15.85 | 133.82 | 149.67 | OK | |
r-devel-linux-x86_64-fedora-clang | 1.0.1 | 345.12 | OK | |||
r-devel-linux-x86_64-fedora-gcc | 1.0.1 | 317.91 | OK | |||
r-devel-windows-x86_64 | 1.0.1 | 20.00 | 171.00 | 191.00 | OK | |
r-patched-linux-x86_64 | 1.0.1 | 18.87 | 174.64 | 193.51 | OK | |
r-release-linux-x86_64 | 1.0.1 | 20.80 | 173.47 | 194.27 | OK | |
r-release-macos-arm64 | 1.0.1 | 5.00 | ERROR | |||
r-release-macos-x86_64 | 1.0.1 | 183.00 | OK | |||
r-release-windows-x86_64 | 1.0.1 | 19.00 | 172.00 | 191.00 | OK | |
r-oldrel-macos-arm64 | 1.0.1 | 88.00 | OK | |||
r-oldrel-macos-x86_64 | 1.0.1 | 139.00 | OK | |||
r-oldrel-windows-x86_64 | 1.0.1 | 19.00 | 202.00 | 221.00 | OK |
Version: 1.0.1
Check: package dependencies
Result: ERROR
Package required but not available: ‘org.Hs.eg.db’
See section ‘The DESCRIPTION file’ in the ‘Writing R Extensions’
manual.
Flavor: r-release-macos-arm64