Last updated on 2025-02-21 03:52:22 CET.
Flavor | Version | Tinstall | Tcheck | Ttotal | Status | Flags |
---|---|---|---|---|---|---|
r-devel-linux-x86_64-debian-clang | 1.0.1 | 22.24 | 186.43 | 208.67 | OK | |
r-devel-linux-x86_64-debian-gcc | 1.0.1 | 14.39 | 128.28 | 142.67 | OK | |
r-devel-linux-x86_64-fedora-clang | 1.0.1 | 325.61 | OK | |||
r-devel-linux-x86_64-fedora-gcc | 1.0.1 | 316.60 | OK | |||
r-devel-macos-arm64 | 1.0.1 | 5.00 | ERROR | |||
r-devel-macos-x86_64 | 1.0.1 | 221.00 | OK | |||
r-devel-windows-x86_64 | 1.0.1 | 20.00 | 162.00 | 182.00 | OK | |
r-patched-linux-x86_64 | 1.0.1 | 20.19 | 168.86 | 189.05 | OK | |
r-release-linux-x86_64 | 1.0.1 | 17.37 | 168.36 | 185.73 | OK | |
r-release-macos-arm64 | 1.0.1 | 88.00 | OK | |||
r-release-macos-x86_64 | 1.0.1 | 139.00 | OK | |||
r-release-windows-x86_64 | 1.0.1 | 19.00 | 159.00 | 178.00 | OK | |
r-oldrel-macos-arm64 | 1.0.1 | 91.00 | OK | |||
r-oldrel-macos-x86_64 | 1.0.1 | 176.00 | OK | |||
r-oldrel-windows-x86_64 | 1.0.1 | 23.00 | 204.00 | 227.00 | OK |
Version: 1.0.1
Check: package dependencies
Result: ERROR
Package required but not available: ‘org.Hs.eg.db’
See section ‘The DESCRIPTION file’ in the ‘Writing R Extensions’
manual.
Flavor: r-devel-macos-arm64