Last updated on 2025-04-30 04:50:15 CEST.
Flavor | Version | Tinstall | Tcheck | Ttotal | Status | Flags |
---|---|---|---|---|---|---|
r-devel-linux-x86_64-debian-clang | 0.5.0 | 167.82 | 94.09 | 261.91 | OK | |
r-devel-linux-x86_64-debian-gcc | 0.5.0 | 121.14 | 67.76 | 188.90 | OK | |
r-devel-linux-x86_64-fedora-clang | 0.5.0 | 498.74 | OK | |||
r-devel-linux-x86_64-fedora-gcc | 0.5.0 | 487.81 | OK | |||
r-devel-windows-x86_64 | 0.5.0 | 237.00 | 130.00 | 367.00 | OK | |
r-patched-linux-x86_64 | 0.5.0 | 167.68 | 88.67 | 256.35 | OK | |
r-release-linux-x86_64 | 0.5.0 | 169.74 | 88.22 | 257.96 | OK | |
r-release-macos-arm64 | 0.5.0 | 105.00 | OK | |||
r-release-macos-x86_64 | 0.5.0 | 148.00 | OK | |||
r-release-windows-x86_64 | 0.5.0 | 234.00 | 123.00 | 357.00 | OK | |
r-oldrel-macos-arm64 | 0.5.0 | 114.00 | NOTE | |||
r-oldrel-macos-x86_64 | 0.5.0 | 121.00 | NOTE | |||
r-oldrel-windows-x86_64 | 0.5.0 | 257.00 | 154.00 | 411.00 | NOTE |
Version: 0.5.0
Check: package dependencies
Result: NOTE
Packages suggested but not available for checking:
'gurobi', 'Rcplex', 'rcbc'
Flavors: r-oldrel-macos-arm64, r-oldrel-macos-x86_64, r-oldrel-windows-x86_64
Version: 0.5.0
Check: installed package size
Result: NOTE
installed size is 10.7Mb
sub-directories of 1Mb or more:
doc 3.6Mb
libs 5.9Mb
Flavors: r-oldrel-macos-arm64, r-oldrel-macos-x86_64, r-oldrel-windows-x86_64