CRAN Package Check Results for Package prioritizr

Last updated on 2025-04-30 04:50:15 CEST.

Flavor Version Tinstall Tcheck Ttotal Status Flags
r-devel-linux-x86_64-debian-clang 8.0.6 355.89 407.64 763.53 OK
r-devel-linux-x86_64-debian-gcc 8.0.6 248.52 265.24 513.76 OK
r-devel-linux-x86_64-fedora-clang 8.0.6 1441.26 OK
r-devel-linux-x86_64-fedora-gcc 8.0.6 1451.17 OK
r-devel-windows-x86_64 8.0.6 400.00 423.00 823.00 OK
r-patched-linux-x86_64 8.0.6 350.18 382.25 732.43 OK
r-release-linux-x86_64 8.0.6 349.97 385.93 735.90 OK
r-release-macos-arm64 8.0.6 266.00 OK
r-release-macos-x86_64 8.0.6 491.00 OK
r-release-windows-x86_64 8.0.6 404.00 415.00 819.00 OK
r-oldrel-macos-arm64 8.0.6 304.00 NOTE
r-oldrel-macos-x86_64 8.0.6 370.00 NOTE
r-oldrel-windows-x86_64 8.0.6 455.00 539.00 994.00 NOTE

Check Details

Version: 8.0.6
Check: package dependencies
Result: NOTE Packages suggested but not available for checking: 'gurobi', 'rcbc', 'cplexAPI' Flavors: r-oldrel-macos-arm64, r-oldrel-macos-x86_64, r-oldrel-windows-x86_64

Version: 8.0.6
Check: installed package size
Result: NOTE installed size is 20.0Mb sub-directories of 1Mb or more: R 2.0Mb doc 4.7Mb libs 11.3Mb Flavors: r-oldrel-macos-arm64, r-oldrel-macos-x86_64, r-oldrel-windows-x86_64