Last updated on 2025-04-29 04:50:14 CEST.
Flavor | Version | Tinstall | Tcheck | Ttotal | Status | Flags |
---|---|---|---|---|---|---|
r-devel-linux-x86_64-debian-clang | 0.3.2 | 3.51 | 61.41 | 64.92 | OK | |
r-devel-linux-x86_64-debian-gcc | 0.3.2 | 2.69 | 43.76 | 46.45 | NOTE | |
r-devel-linux-x86_64-fedora-clang | 0.3.2 | 101.06 | OK | |||
r-devel-linux-x86_64-fedora-gcc | 0.3.2 | 97.60 | OK | |||
r-devel-windows-x86_64 | 0.3.2 | 5.00 | 80.00 | 85.00 | OK | |
r-patched-linux-x86_64 | 0.3.2 | 3.92 | 58.09 | 62.01 | OK | |
r-release-linux-x86_64 | 0.3.2 | 3.20 | 58.65 | 61.85 | OK | |
r-release-macos-arm64 | 0.3.2 | 32.00 | OK | |||
r-release-macos-x86_64 | 0.3.2 | 89.00 | OK | |||
r-release-windows-x86_64 | 0.3.2 | 5.00 | 88.00 | 93.00 | OK | |
r-oldrel-macos-arm64 | 0.3.2 | 31.00 | OK | |||
r-oldrel-macos-x86_64 | 0.3.2 | 80.00 | OK | |||
r-oldrel-windows-x86_64 | 0.3.2 | 7.00 | 94.00 | 101.00 | OK |
Version: 0.3.2
Check: examples
Result: NOTE
Examples with CPU (user + system) or elapsed time > 5s
user system elapsed
salt_data 5.417 0.441 7.163
Flavor: r-devel-linux-x86_64-debian-gcc